{"id":14988,"date":"2023-08-15T00:48:42","date_gmt":"2023-08-15T00:48:42","guid":{"rendered":"http:\/\/morenacolima.si\/mitzuko\/?page_id=14988"},"modified":"2023-08-15T01:02:44","modified_gmt":"2023-08-15T01:02:44","slug":"mitzuko-marquez","status":"publish","type":"page","link":"http:\/\/morenacolima.si\/mitzuko\/mitzuko-marquez\/","title":{"rendered":"Mitzuko M\u00e1rquez"},"content":{"rendered":"<div id=\"cmsmasters_row_4j3lqt3fef\" class=\"cmsmasters_row cmsmasters_color_scheme_default cmsmasters_row_top_default cmsmasters_row_bot_default cmsmasters_row_boxed\">\n<div class=\"cmsmasters_row_outer_parent\">\n<div class=\"cmsmasters_row_outer\">\n<div class=\"cmsmasters_row_inner\">\n<div class=\"cmsmasters_row_margin\">\n<div id=\"cmsmasters_column_9kv49nqebb\" class=\"cmsmasters_column one_first\">\n<div class=\"cmsmasters_column_inner\"><div class=\"cmsmasters_text\">\n<p>Soy Marcela Mitzuko M\u00e1rquez Monroy egresada de la Facultad de Ciencias Pol\u00edticas y Sociales en la Universidad de Colima en 1998. Desde siempre supe a lo que me quer\u00eda dedicar. Conocer la historia de injusticia en M\u00e9xico, me llev\u00f3 a la determinaci\u00f3n de qu\u00e9 lado de la historia quer\u00eda estar, y as\u00ed me fui colocando a la izquierda, siempre lista para defender la justicia social y contra la desigualdad.<\/p>\n<p>Empec\u00e9 como Asistente personal en el Congreso del Estado de Colima en 1998 con la Fracci\u00f3n del Partido de la Revoluci\u00f3n Democr\u00e1tica, ah\u00ed aprend\u00ed de pol\u00edtica durante 7 a\u00f1o y pude colaborar con los Diputados Arnoldo Vizca\u00edno Rodr\u00edguez y Enrique Salazar Abaroa, en la segunda legislatura ah\u00ed, aprend\u00ed de Jaime Enrique Sotelo Garc\u00eda y Armando Gonz\u00e1lez Manzo, mi trabajo era la elaboraci\u00f3n de discursos, an\u00e1lisis de la prensa local y nacional, elaboraci\u00f3n de iniciativas de ley, realizaci\u00f3n de investigaciones de temas sociales relevantes y actuales como derechos humanos, derechos de la mujer, promoci\u00f3n cultural, actividad territorial, etc.<\/p>\n<p>En el 2003 fui parte del equipo de campa\u00f1a en Armer\u00eda donde por primera ocasi\u00f3n la izquierda gan\u00f3 y posteriormente me desempe\u00f1e como Directora de Comunicaci\u00f3n Social en el H. Ayuntamiento de Armer\u00eda en el Estado de Colima, coordinando la Cobertura de las actividades del alcalde Ernesto M\u00e1rquez.<\/p>\n<p>En el a\u00f1o 2003 fui candidata a Diputada Federal Plurinominal y en el 2006 como Diputada Local tambi\u00e9n v\u00eda Plurinominal.<\/p>\n<p>En el a\u00f1o 2007, trabaj\u00e9 en el Senado de la Rep\u00fablica, como Subdirectora de Asuntos Jur\u00eddicos de la C\u00e1mara Alta, realizando el an\u00e1lisis, diagn\u00f3stico y elaboraci\u00f3n de iniciativas de ley presentadas en la C\u00e1mara Alta, as\u00ed como la revisi\u00f3n de las mismas para que se encuentre en el nivel de su competencia, sin restringir leyes federales o la misma Constituci\u00f3n Pol\u00edtica de los Estados Unidos Mexicanos.<\/p>\n<p><i>En realidad, siempre me ha movido el querer ser parte de un equipo que represente cambio, evoluci\u00f3n y transformaci\u00f3n, dentro de una instituto pol\u00edtico, en el que mi trabajo aporte calidad y competitividad en los resultados.<\/i><\/p>\n<p>Por un breve periodo de mi vida, por cuestiones personales, (familia y amor) me alej\u00e9 de la pol\u00edtica, dando paso a realizar un negocio familiar en donde pude aplicar mis habilidades como relaciones p\u00fablicas, manejo de agendas, coordinaci\u00f3n y supervisi\u00f3n de eventos masivos, habilidades que ya hab\u00eda adquirido y pulido con el paso del tiempo en la pol\u00edtica.<\/p>\n<p>Para el a\u00f1o 2012 particip\u00e9 en la pre candidatura al senado de la coalici\u00f3n con MORENA.<\/p>\n<p>En el a\u00f1o 2013 me incorpor\u00e9 a la Secretar\u00eda de Trabajo y Fomento al Empleo del Gobierno de la Ciudad de M\u00e9xico, desempe\u00f1\u00e1ndome como Jefe de Unidad Departamental de Gesti\u00f3n para Organizaci\u00f3n del Trabajo y la Previsi\u00f3n Social. Ah\u00ed fui la representante de la Instituci\u00f3n frente a diversos organismos interinstitucionales en materia de derechos de la Mujer. A su vez colabore en la formaci\u00f3n del programa de talleres con diversos temas relacionados al \u00e1mbito laboral y derechos de las mujeres trabajadoras.<\/p>\n<p>Me incorpore en el 2014 a la Junta Local de Conciliaci\u00f3n Arbitraje de la Ciudad de M\u00e9xico, como asistente personal del Director de \u00c1rea de la Junta Especial N\u00famero Veinte, como proyecto innovador en\u00a0 juicios orales en materia laboral, donde realizaba trabajo administrativo en temas laborales de juicios especiales y ordinarios, al paso de 7 a\u00f1os desarrolle un amplio conocimiento en materia de grupos vulnerables y la salvaguarda de sus derechos laborales.<\/p>\n<p>En la ciudad de M\u00e9xico durante todo ese tiempo particip\u00e9 en MORENA en la ciudad de M\u00e9xico en la alcald\u00eda Cuauht\u00e9moc como representante de casilla como representante de MORENA llevando la trabajo territorial en las colonias de dicha Alcald\u00eda.<\/p>\n<p style=\"text-align: center;\">Actualmente, fiel a mis principios, me desempe\u00f1o como Secretaria General del Comit\u00e9 Ejecutivo Estatal Morena Colima, atendiendo todos los pormenores que se puedan presentar, quiero contribuir con mi experiencia en organizaci\u00f3n humana y coordinaci\u00f3n de proyectos sociales, coordinaci\u00f3n de eventos masivos y actividades de amplia proyecci\u00f3n para continuar dando paso al cambio que el pa\u00eds necesita.<\/p>\n<p style=\"text-align: right; padding-left: 80px;\">El triunfo del partido MORENA encabezada por la Gobernadora\u00a0 Indira Vizca\u00edno Silva, representa un parteaguas en la historia de la izquierda en el Estado de Colima, la Gobernadora m\u00e1s joven del pa\u00eds al frente de la responsabilidad de un Estado, lo cual me enorgullece y coadyuvar pol\u00edticamente para la permanencia del proyecto de la Cuarta Transformaci\u00f3n es el gran reto.<\/p>\n<p><strong>Hoy, como Secretaria General de MORENA en el estado de Colima, estoy muy al pendiente de los programas de salud, obras y seguridad, buscando siempre el bienestar de la poblaci\u00f3n. Celebrando la visi\u00f3n de pol\u00edtica social implementada por la Gobernadora Indira Vizca\u00edno Silva, me reitera el compromiso que tengo por el pueblo de Colima.<\/strong><\/p>\n<\/div>\n<\/div><\/div>\n<\/div>\n<\/div>\n<\/div>\n<\/div>\n<\/div>\n\n","protected":false},"excerpt":{"rendered":"","protected":false},"author":1,"featured_media":0,"parent":0,"menu_order":0,"comment_status":"closed","ping_status":"closed","template":"","meta":{"footnotes":""},"class_list":["post-14988","page","type-page","status-publish","hentry"],"_links":{"self":[{"href":"http:\/\/morenacolima.si\/mitzuko\/wp-json\/wp\/v2\/pages\/14988","targetHints":{"allow":["GET"]}}],"collection":[{"href":"http:\/\/morenacolima.si\/mitzuko\/wp-json\/wp\/v2\/pages"}],"about":[{"href":"http:\/\/morenacolima.si\/mitzuko\/wp-json\/wp\/v2\/types\/page"}],"author":[{"embeddable":true,"href":"http:\/\/morenacolima.si\/mitzuko\/wp-json\/wp\/v2\/users\/1"}],"replies":[{"embeddable":true,"href":"http:\/\/morenacolima.si\/mitzuko\/wp-json\/wp\/v2\/comments?post=14988"}],"version-history":[{"count":6,"href":"http:\/\/morenacolima.si\/mitzuko\/wp-json\/wp\/v2\/pages\/14988\/revisions"}],"predecessor-version":[{"id":14995,"href":"http:\/\/morenacolima.si\/mitzuko\/wp-json\/wp\/v2\/pages\/14988\/revisions\/14995"}],"wp:attachment":[{"href":"http:\/\/morenacolima.si\/mitzuko\/wp-json\/wp\/v2\/media?parent=14988"}],"curies":[{"name":"wp","href":"https:\/\/api.w.org\/{rel}","templated":true}]}}