{"id":14879,"date":"2023-06-05T00:21:25","date_gmt":"2023-06-05T00:21:25","guid":{"rendered":"http:\/\/morenacolima.si\/mitzuko\/?page_id=14879"},"modified":"2023-06-05T00:39:34","modified_gmt":"2023-06-05T00:39:34","slug":"noticias-nacionales","status":"publish","type":"page","link":"http:\/\/morenacolima.si\/mitzuko\/noticias-nacionales\/","title":{"rendered":"Noticias Nacionales"},"content":{"rendered":"<div id=\"cmsmasters_row_0be8ovqyd\" class=\"cmsmasters_row cmsmasters_color_scheme_default cmsmasters_row_top_default cmsmasters_row_bot_default cmsmasters_row_boxed\">\n<div class=\"cmsmasters_row_outer_parent\">\n<div class=\"cmsmasters_row_outer\">\n<div class=\"cmsmasters_row_inner\">\n<div class=\"cmsmasters_row_margin\">\n<div id=\"cmsmasters_column_kar6k1hshe\" class=\"cmsmasters_column one_first\">\n<div class=\"cmsmasters_column_inner\"><div id=\"blog_q6xtx2601\" class=\"cmsmasters_wrap_blog entry-summary\" data-layout=\"columns\" data-layout-mode=\"masonry\" data-url=\"http:\/\/morenacolima.si\/wp-content\/plugins\/cmsmasters-content-composer\/\" data-orderby=\"date\" data-order=\"DESC\" data-count=\"12\" data-categories=\"nacional\" data-metadata=\"excerpt,views\" data-pagination=\"pagination\"><div class=\"blog columns masonry cmsmasters_3\"><!-- Start Post Masonry Article -->\r\n<article id=\"post-15333\" class=\"cmsmasters_post_masonry post-15333 post type-post status-publish format-standard has-post-thumbnail hentry category-nacional tag-tiktok\" data-category=\"nacional\">\r\n\t<div class=\"cmsmasters_post_cont_wrap\">\r\n\t\t<div class=\"cmsmasters_post_img_wrap\"><figure class=\"cmsmasters_img_wrap\"><a href=\"http:\/\/morenacolima.si\/mitzuko\/morena-a-puertas-abiertas\/\" title=\"MORENA a puertas abiertas\" class=\"cmsmasters_img_link preloader\"><img loading=\"lazy\" decoding=\"async\" width=\"580\" height=\"400\" src=\"http:\/\/morenacolima.si\/wp-content\/uploads\/2023\/12\/Screenshot_20231204_195503_com.facebook.katana_edit_819900300053537-580x400.jpg\" class=\"full-width wp-post-image\" alt=\"MORENA a puertas abiertas\" title=\"Screenshot_20231204_195503_com.facebook.katana_edit_819900300053537.jpg\" \/><\/a><\/figure><\/div>\r\n\t\t<div class=\"cmsmasters_post_cont\">\r\n\t\t\t<header class=\"cmsmasters_post_header entry-header\"><h3 class=\"cmsmasters_post_title entry-title\"><a href=\"http:\/\/morenacolima.si\/mitzuko\/morena-a-puertas-abiertas\/\">MORENA a puertas abiertas<\/a><\/h3><\/header><footer class=\"cmsmasters_post_footer entry-meta\"><span class=\"cmsmasters_views cmsmasters_post_views\"><span id=\"cmsmastersView-15333\" class=\"cmsmastersView cmsmasters_theme_icon_view\"><span>27<\/span><\/span><\/span><\/footer>\t\t<\/div>\r\n\t<\/div>\r\n<\/article>\r\n<!-- Finish Post Masonry Article -->\r\n\r\n<!-- Start Post Masonry Article -->\r\n<article id=\"post-15318\" class=\"cmsmasters_post_masonry post-15318 post type-post status-publish format-standard has-post-thumbnail hentry category-nacional tag-tiktok\" data-category=\"nacional\">\r\n\t<div class=\"cmsmasters_post_cont_wrap\">\r\n\t\t<div class=\"cmsmasters_post_img_wrap\"><figure class=\"cmsmasters_img_wrap\"><a href=\"http:\/\/morenacolima.si\/mitzuko\/el-prian-odia-al-pueblo\/\" title=\"El PRIAN odia al pueblo\" class=\"cmsmasters_img_link preloader\"><img loading=\"lazy\" decoding=\"async\" width=\"580\" height=\"400\" src=\"http:\/\/morenacolima.si\/wp-content\/uploads\/2023\/12\/Screenshot_20231204_195117_com.zhiliaoapp.musically_edit_819952781291550-580x400.jpg\" class=\"full-width wp-post-image\" alt=\"El PRIAN odia al pueblo\" title=\"Screenshot_20231204_195117_com.zhiliaoapp.musically_edit_819952781291550.jpg\" \/><\/a><\/figure><\/div>\r\n\t\t<div class=\"cmsmasters_post_cont\">\r\n\t\t\t<header class=\"cmsmasters_post_header entry-header\"><h3 class=\"cmsmasters_post_title entry-title\"><a href=\"http:\/\/morenacolima.si\/mitzuko\/el-prian-odia-al-pueblo\/\">El PRIAN odia al pueblo<\/a><\/h3><\/header><div class=\"cmsmasters_post_content entry-content\">\n<p>El PRIAN sigue odiando al pueblo, nosotros seguimos haciendo historia<\/p>\n<\/div>\n<footer class=\"cmsmasters_post_footer entry-meta\"><span class=\"cmsmasters_views cmsmasters_post_views\"><span id=\"cmsmastersView-15318\" class=\"cmsmastersView cmsmasters_theme_icon_view\"><span>18<\/span><\/span><\/span><\/footer>\t\t<\/div>\r\n\t<\/div>\r\n<\/article>\r\n<!-- Finish Post Masonry Article -->\r\n\r\n<!-- Start Post Masonry Article -->\r\n<article id=\"post-15317\" class=\"cmsmasters_post_masonry post-15317 post type-post status-publish format-standard has-post-thumbnail hentry category-nacional tag-tiktok\" data-category=\"nacional\">\r\n\t<div class=\"cmsmasters_post_cont_wrap\">\r\n\t\t<div class=\"cmsmasters_post_img_wrap\"><figure class=\"cmsmasters_img_wrap\"><a href=\"http:\/\/morenacolima.si\/mitzuko\/martha-ya-regresa-el-juguete\/\" title=\"Martha ya regresa el juguete\" class=\"cmsmasters_img_link preloader\"><img loading=\"lazy\" decoding=\"async\" width=\"580\" height=\"400\" src=\"http:\/\/morenacolima.si\/wp-content\/uploads\/2023\/12\/Screenshot_20231204_195136_com.zhiliaoapp.musically_edit_819938837260302-580x400.jpg\" class=\"full-width wp-post-image\" alt=\"Martha ya regresa el juguete\" title=\"Screenshot_20231204_195136_com.zhiliaoapp.musically_edit_819938837260302.jpg\" \/><\/a><\/figure><\/div>\r\n\t\t<div class=\"cmsmasters_post_cont\">\r\n\t\t\t<header class=\"cmsmasters_post_header entry-header\"><h3 class=\"cmsmasters_post_title entry-title\"><a href=\"http:\/\/morenacolima.si\/mitzuko\/martha-ya-regresa-el-juguete\/\">Martha ya regresa el juguete<\/a><\/h3><\/header><div class=\"cmsmasters_post_content entry-content\">\n<p>Ya regresa el juguete a Vicente<\/p>\n<\/div>\n<footer class=\"cmsmasters_post_footer entry-meta\"><span class=\"cmsmasters_views cmsmasters_post_views\"><span id=\"cmsmastersView-15317\" class=\"cmsmastersView cmsmasters_theme_icon_view\"><span>19<\/span><\/span><\/span><\/footer>\t\t<\/div>\r\n\t<\/div>\r\n<\/article>\r\n<!-- Finish Post Masonry Article -->\r\n\r\n<!-- Start Post Masonry Article -->\r\n<article id=\"post-14876\" class=\"cmsmasters_post_masonry post-14876 post type-post status-publish format-standard has-post-thumbnail hentry category-nacional tag-tiktok\" data-category=\"nacional\">\r\n\t<div class=\"cmsmasters_post_cont_wrap\">\r\n\t\t<div class=\"cmsmasters_post_img_wrap\"><figure class=\"cmsmasters_img_wrap\"><a href=\"http:\/\/morenacolima.si\/mitzuko\/al-servicio-del-crecimiento\/\" title=\"Al Servicio Del Crecimiento\" class=\"cmsmasters_img_link preloader\"><img loading=\"lazy\" decoding=\"async\" width=\"203\" height=\"269\" src=\"http:\/\/morenacolima.si\/wp-content\/uploads\/2023\/11\/al-servicio-cOLIMA_.jpg\" class=\"full-width wp-post-image\" alt=\"Al Servicio Del Crecimiento\" title=\"al servicio cOLIMA_\" \/><\/a><\/figure><\/div>\r\n\t\t<div class=\"cmsmasters_post_cont\">\r\n\t\t\t<header class=\"cmsmasters_post_header entry-header\"><h3 class=\"cmsmasters_post_title entry-title\"><a href=\"http:\/\/morenacolima.si\/mitzuko\/al-servicio-del-crecimiento\/\">Al Servicio Del Crecimiento<\/a><\/h3><\/header><div class=\"cmsmasters_post_content entry-content\">\n<p>La dirigencia del partido Gobernante, ha demostrado estar al servicio del crecimiento de un Proyecto de Naci\u00f3n y se refleja en la b\u00fasqueda de su permanencia, crecimiento y edificaci\u00f3n<\/p>\n<\/div>\n<footer class=\"cmsmasters_post_footer entry-meta\"><span class=\"cmsmasters_views cmsmasters_post_views\"><span id=\"cmsmastersView-14876\" class=\"cmsmastersView cmsmasters_theme_icon_view\"><span>14<\/span><\/span><\/span><\/footer>\t\t<\/div>\r\n\t<\/div>\r\n<\/article>\r\n<!-- Finish Post Masonry Article -->\r\n\r\n<!-- Start Post Masonry Article -->\r\n<article id=\"post-14865\" class=\"cmsmasters_post_masonry post-14865 post type-post status-publish format-standard has-post-thumbnail hentry category-nacional tag-tiktok\" data-category=\"nacional\">\r\n\t<div class=\"cmsmasters_post_cont_wrap\">\r\n\t\t<div class=\"cmsmasters_post_img_wrap\"><figure class=\"cmsmasters_img_wrap\"><a href=\"http:\/\/morenacolima.si\/mitzuko\/unidad-en-morena\/\" title=\"Unidad en MORENA\" class=\"cmsmasters_img_link preloader\"><img loading=\"lazy\" decoding=\"async\" width=\"203\" height=\"269\" src=\"http:\/\/morenacolima.si\/wp-content\/uploads\/2023\/06\/unidad.png\" class=\"full-width wp-post-image\" alt=\"Unidad en MORENA\" title=\"unidad\" \/><\/a><\/figure><\/div>\r\n\t\t<div class=\"cmsmasters_post_cont\">\r\n\t\t\t<header class=\"cmsmasters_post_header entry-header\"><h3 class=\"cmsmasters_post_title entry-title\"><a href=\"http:\/\/morenacolima.si\/mitzuko\/unidad-en-morena\/\">Unidad en MORENA<\/a><\/h3><\/header><div class=\"cmsmasters_post_content entry-content\">\n<p>Por mi, por ti y por todos,<\/p>\n<p>!unidad en MORENA\u00a1<\/p>\n<\/div>\n<footer class=\"cmsmasters_post_footer entry-meta\"><span class=\"cmsmasters_views cmsmasters_post_views\"><span id=\"cmsmastersView-14865\" class=\"cmsmastersView cmsmasters_theme_icon_view\"><span>28<\/span><\/span><\/span><\/footer>\t\t<\/div>\r\n\t<\/div>\r\n<\/article>\r\n<!-- Finish Post Masonry Article -->\r\n\r\n<!-- Start Post Masonry Article -->\r\n<article id=\"post-14848\" class=\"cmsmasters_post_masonry post-14848 post type-post status-publish format-standard has-post-thumbnail hentry category-nacional tag-tiktok\" data-category=\"nacional\">\r\n\t<div class=\"cmsmasters_post_cont_wrap\">\r\n\t\t<div class=\"cmsmasters_post_img_wrap\"><figure class=\"cmsmasters_img_wrap\"><a href=\"http:\/\/morenacolima.si\/mitzuko\/peso-mexicano\/\" title=\"Peso Mexicano\" class=\"cmsmasters_img_link preloader\"><img loading=\"lazy\" decoding=\"async\" width=\"203\" height=\"269\" src=\"http:\/\/morenacolima.si\/wp-content\/uploads\/2023\/06\/monedita.png\" class=\"full-width wp-post-image\" alt=\"Peso Mexicano\" title=\"monedita\" \/><\/a><\/figure><\/div>\r\n\t\t<div class=\"cmsmasters_post_cont\">\r\n\t\t\t<header class=\"cmsmasters_post_header entry-header\"><h3 class=\"cmsmasters_post_title entry-title\"><a href=\"http:\/\/morenacolima.si\/mitzuko\/peso-mexicano\/\">Peso Mexicano<\/a><\/h3><\/header><div class=\"cmsmasters_post_content entry-content\">\n<p>Esta monedita es un peso mexicano, que, a simple vista parece un peque\u00f1o trozo de metal, pero, es de las monedas m\u00e1s fuertes y negociadas en todo el mundo gracias a la 4T<\/p>\n<\/div>\n<footer class=\"cmsmasters_post_footer entry-meta\"><span class=\"cmsmasters_views cmsmasters_post_views\"><span id=\"cmsmastersView-14848\" class=\"cmsmastersView cmsmasters_theme_icon_view\"><span>22<\/span><\/span><\/span><\/footer>\t\t<\/div>\r\n\t<\/div>\r\n<\/article>\r\n<!-- Finish Post Masonry Article -->\r\n\r\n<\/div><div class=\"cmsmasters_wrap_more_posts cmsmasters_wrap_more_items\"><\/div><\/div>\n<\/div><\/div>\n<\/div>\n<\/div>\n<\/div>\n<\/div>\n<\/div>\n\n","protected":false},"excerpt":{"rendered":"","protected":false},"author":1,"featured_media":0,"parent":0,"menu_order":0,"comment_status":"closed","ping_status":"closed","template":"","meta":{"footnotes":""},"class_list":["post-14879","page","type-page","status-publish","hentry"],"_links":{"self":[{"href":"http:\/\/morenacolima.si\/mitzuko\/wp-json\/wp\/v2\/pages\/14879","targetHints":{"allow":["GET"]}}],"collection":[{"href":"http:\/\/morenacolima.si\/mitzuko\/wp-json\/wp\/v2\/pages"}],"about":[{"href":"http:\/\/morenacolima.si\/mitzuko\/wp-json\/wp\/v2\/types\/page"}],"author":[{"embeddable":true,"href":"http:\/\/morenacolima.si\/mitzuko\/wp-json\/wp\/v2\/users\/1"}],"replies":[{"embeddable":true,"href":"http:\/\/morenacolima.si\/mitzuko\/wp-json\/wp\/v2\/comments?post=14879"}],"version-history":[{"count":7,"href":"http:\/\/morenacolima.si\/mitzuko\/wp-json\/wp\/v2\/pages\/14879\/revisions"}],"predecessor-version":[{"id":14899,"href":"http:\/\/morenacolima.si\/mitzuko\/wp-json\/wp\/v2\/pages\/14879\/revisions\/14899"}],"wp:attachment":[{"href":"http:\/\/morenacolima.si\/mitzuko\/wp-json\/wp\/v2\/media?parent=14879"}],"curies":[{"name":"wp","href":"https:\/\/api.w.org\/{rel}","templated":true}]}}